{"id":7621,"date":"2023-04-26T11:23:23","date_gmt":"2023-04-26T11:23:23","guid":{"rendered":"https:\/\/mcarrasco.10y6interiorismo.com\/?page_id=7621"},"modified":"2024-05-09T06:36:03","modified_gmt":"2024-05-09T06:36:03","slug":"proyectos-mamposteria-carrascoy","status":"publish","type":"page","link":"https:\/\/mamposteriacarrascoy.es\/index.php\/proyectos-mamposteria-carrascoy\/","title":{"rendered":"Nuestros Proyectos"},"content":{"rendered":"\t\t<div data-elementor-type=\"wp-page\" data-elementor-id=\"7621\" class=\"elementor elementor-7621\">\n\t\t\t\t\t\t\t\t\t<section class=\"elementor-section elementor-top-section elementor-element elementor-element-8665c7d elementor-section-height-min-height elementor-section-boxed elementor-section-height-default elementor-section-items-middle\" data-id=\"8665c7d\" data-element_type=\"section\" data-settings=\"{&quot;background_background&quot;:&quot;classic&quot;}\">\n\t\t\t\t\t\t<div class=\"elementor-container elementor-column-gap-default\">\n\t\t\t\t\t<div class=\"elementor-column elementor-col-100 elementor-top-column elementor-element elementor-element-bb8fbf9 ot-flex-column-vertical\" data-id=\"bb8fbf9\" data-element_type=\"column\">\n\t\t\t<div class=\"elementor-widget-wrap elementor-element-populated\">\n\t\t\t\t\t\t\t\t<div class=\"elementor-element elementor-element-dfb2cbd theratio-align-center elementor-widget elementor-widget-iheading\" data-id=\"dfb2cbd\" data-element_type=\"widget\" data-widget_type=\"iheading.default\">\n\t\t\t\t<div class=\"elementor-widget-container\">\n\t\t\t\t\t<div class=\"ot-heading \">\r\n\t        \t        <h2 class=\"main-heading\">NUESTROS PROYECTOS<\/h2>\r\n\t        \t    <\/div>\r\n\t    \t\t<\/div>\n\t\t\t\t<\/div>\n\t\t\t\t\t<\/div>\n\t\t<\/div>\n\t\t\t\t\t\t\t<\/div>\n\t\t<\/section>\n\t\t\t\t<section class=\"elementor-section elementor-top-section elementor-element elementor-element-fb7f574 elementor-section-boxed elementor-section-height-default elementor-section-height-default\" data-id=\"fb7f574\" data-element_type=\"section\">\n\t\t\t\t\t\t<div class=\"elementor-container elementor-column-gap-default\">\n\t\t\t\t\t<div class=\"elementor-column elementor-col-100 elementor-top-column elementor-element elementor-element-f556943 ot-flex-column-vertical\" data-id=\"f556943\" data-element_type=\"column\">\n\t\t\t<div class=\"elementor-widget-wrap elementor-element-populated\">\n\t\t\t\t\t\t\t\t<div class=\"elementor-element elementor-element-d83b663 theratio-align-center elementor-widget elementor-widget-iheading\" data-id=\"d83b663\" data-element_type=\"widget\" data-widget_type=\"iheading.default\">\n\t\t\t\t<div class=\"elementor-widget-container\">\n\t\t\t\t\t<div class=\"ot-heading \">\r\n\t        \t        <h2 class=\"main-heading\">Algunos de nuestros proyectos<br> mas destacados<\/h2>\r\n\t        \t    <\/div>\r\n\t    \t\t<\/div>\n\t\t\t\t<\/div>\n\t\t\t\t<div class=\"elementor-element elementor-element-5d0e047 elementor-widget elementor-widget-ipfilter_metro\" data-id=\"5d0e047\" data-element_type=\"widget\" data-widget_type=\"ipfilter_metro.default\">\n\t\t\t\t<div class=\"elementor-widget-container\">\n\t\t\t\r\n\t\t<div class=\"project-filter-wrapper\">\r\n\t\t\t\t        \t<div class=\"container\">\r\n\t        \t\t<ul class=\"project_filters\">\r\n\t        \t\t\t\t        \t\t\t \t<li><a href=\"#\" data-filter=\"*\" class=\"selected btn-details\">TODOS<span class=\"filter-count\"><\/span><\/a><\/li>\r\n\t        \t\t\t\t\t                \t\t                \t<li><a class=\"btn-details\" href='#' data-filter='.category-46'>Escaleras<span class=\"filter-count\"><\/span><\/a><\/li>\t                   \r\n\t\t                \t\t                \t<li><a class=\"btn-details\" href='#' data-filter='.category-47'>Pasarelas<span class=\"filter-count\"><\/span><\/a><\/li>\t                   \r\n\t\t                \t\t                \t<li><a class=\"btn-details\" href='#' data-filter='.category-48'>Muros piedras Gran Tama\u00f1o<span class=\"filter-count\"><\/span><\/a><\/li>\t                   \r\n\t\t                \t\t                \t<li><a class=\"btn-details\" href='#' data-filter='.category-49'>Paisajismo<span class=\"filter-count\"><\/span><\/a><\/li>\t                   \r\n\t\t                \t\t\t\t\t<\/ul>\r\n\t\t\t\t<\/div>\r\n\t        \t\t\t\t        <div id=\"projects-grid\" class=\"projects-grid pf_3_cols style-4 img-popup img-scale w-auto no-cat\" data-load=\"6\" data-count=\"7\">\r\n\t\t\t<div class=\"grid-sizer\"><\/div>\r\n\t            <div class=\"project-item category-48 \">\r\n\t<div class=\"projects-box\">\r\n\t\t<div class=\"projects-thumbnail\" data-src=\"https:\/\/mamposteriacarrascoy.es\/wp-content\/uploads\/2023\/05\/gran-tamano2.jpg\" data-sub-html=\"muro piedra gran tama\u00f1o2\">\r\n\t\t\t<a href=\"https:\/\/mamposteriacarrascoy.es\/index.php\/portfolio\/muro-piedra-gran-tamano2\/\">\r\n\t\t\t\t<img loading=\"lazy\" decoding=\"async\" width=\"720\" height=\"720\" src=\"https:\/\/mamposteriacarrascoy.es\/wp-content\/uploads\/2023\/05\/gran-tamano2-720x720.jpg\" class=\"attachment-theratio-portfolio-thumbnail-grid size-theratio-portfolio-thumbnail-grid wp-post-image\" alt=\"\" srcset=\"https:\/\/mamposteriacarrascoy.es\/wp-content\/uploads\/2023\/05\/gran-tamano2-720x720.jpg 720w, https:\/\/mamposteriacarrascoy.es\/wp-content\/uploads\/2023\/05\/gran-tamano2-150x150.jpg 150w\" sizes=\"(max-width: 720px) 100vw, 720px\" \/>\t\t\t<\/a>\r\n\t\t\t<span class=\"overlay\">\r\n\t\t\t\t<h5>muro piedra gran tama\u00f1o2<\/h5>\r\n\t\t\t\t<i class=\"ot-flaticon-add\"><\/i>\r\n\t\t\t<\/span>\r\n\t\t<\/div>\r\n\t\t<div class=\"portfolio-info\">\r\n\t\t\t<div class=\"portfolio-info-inner\">\r\n\t\t\t\t<h5><a class=\"title-link\" href=\"https:\/\/mamposteriacarrascoy.es\/index.php\/portfolio\/muro-piedra-gran-tamano2\/\" data-src=\"https:\/\/mamposteriacarrascoy.es\/wp-content\/uploads\/2023\/05\/gran-tamano2.jpg\" data-sub-html=\"muro piedra gran tama\u00f1o2\">muro piedra gran tama\u00f1o2<\/a><\/h5>\r\n\t\t\t\t<p class=\"portfolio-cates\"><a href=\"https:\/\/mamposteriacarrascoy.es\/index.php\/portfolio-category\/muros-piedras-gran-tamano\/\">Muros piedras Gran Tama\u00f1o<\/a><\/p> \r\n\t\t\t<\/div>\r\n\t\t\t<a class=\"overlay\" href=\"https:\/\/mamposteriacarrascoy.es\/index.php\/portfolio\/muro-piedra-gran-tamano2\/\"><\/a>\r\n\t\t<\/div>\r\n\t<\/div>\r\n<\/div><div class=\"project-item category-48 \">\r\n\t<div class=\"projects-box\">\r\n\t\t<div class=\"projects-thumbnail\" data-src=\"https:\/\/mamposteriacarrascoy.es\/wp-content\/uploads\/2023\/05\/gran-tamano1.jpg\" data-sub-html=\"muro piedra gran tama\u00f1o1\">\r\n\t\t\t<a href=\"https:\/\/mamposteriacarrascoy.es\/index.php\/portfolio\/muro-piedra-gran-tamano1\/\">\r\n\t\t\t\t<img loading=\"lazy\" decoding=\"async\" width=\"720\" height=\"720\" src=\"https:\/\/mamposteriacarrascoy.es\/wp-content\/uploads\/2023\/05\/gran-tamano1-720x720.jpg\" class=\"attachment-theratio-portfolio-thumbnail-grid size-theratio-portfolio-thumbnail-grid wp-post-image\" alt=\"\" srcset=\"https:\/\/mamposteriacarrascoy.es\/wp-content\/uploads\/2023\/05\/gran-tamano1-720x720.jpg 720w, https:\/\/mamposteriacarrascoy.es\/wp-content\/uploads\/2023\/05\/gran-tamano1-150x150.jpg 150w\" sizes=\"(max-width: 720px) 100vw, 720px\" \/>\t\t\t<\/a>\r\n\t\t\t<span class=\"overlay\">\r\n\t\t\t\t<h5>muro piedra gran tama\u00f1o1<\/h5>\r\n\t\t\t\t<i class=\"ot-flaticon-add\"><\/i>\r\n\t\t\t<\/span>\r\n\t\t<\/div>\r\n\t\t<div class=\"portfolio-info\">\r\n\t\t\t<div class=\"portfolio-info-inner\">\r\n\t\t\t\t<h5><a class=\"title-link\" href=\"https:\/\/mamposteriacarrascoy.es\/index.php\/portfolio\/muro-piedra-gran-tamano1\/\" data-src=\"https:\/\/mamposteriacarrascoy.es\/wp-content\/uploads\/2023\/05\/gran-tamano1.jpg\" data-sub-html=\"muro piedra gran tama\u00f1o1\">muro piedra gran tama\u00f1o1<\/a><\/h5>\r\n\t\t\t\t<p class=\"portfolio-cates\"><a href=\"https:\/\/mamposteriacarrascoy.es\/index.php\/portfolio-category\/muros-piedras-gran-tamano\/\">Muros piedras Gran Tama\u00f1o<\/a><\/p> \r\n\t\t\t<\/div>\r\n\t\t\t<a class=\"overlay\" href=\"https:\/\/mamposteriacarrascoy.es\/index.php\/portfolio\/muro-piedra-gran-tamano1\/\"><\/a>\r\n\t\t<\/div>\r\n\t<\/div>\r\n<\/div><div class=\"project-item category-49 \">\r\n\t<div class=\"projects-box\">\r\n\t\t<div class=\"projects-thumbnail\" data-src=\"https:\/\/mamposteriacarrascoy.es\/wp-content\/uploads\/2023\/05\/paisajismo1.jpg\" data-sub-html=\"paisajismo2\">\r\n\t\t\t<a href=\"https:\/\/mamposteriacarrascoy.es\/index.php\/portfolio\/paisajismo2\/\">\r\n\t\t\t\t<img loading=\"lazy\" decoding=\"async\" width=\"720\" height=\"720\" src=\"https:\/\/mamposteriacarrascoy.es\/wp-content\/uploads\/2023\/05\/paisajismo1-720x720.jpg\" class=\"attachment-theratio-portfolio-thumbnail-grid size-theratio-portfolio-thumbnail-grid wp-post-image\" alt=\"\" srcset=\"https:\/\/mamposteriacarrascoy.es\/wp-content\/uploads\/2023\/05\/paisajismo1-720x720.jpg 720w, https:\/\/mamposteriacarrascoy.es\/wp-content\/uploads\/2023\/05\/paisajismo1-150x150.jpg 150w\" sizes=\"(max-width: 720px) 100vw, 720px\" \/>\t\t\t<\/a>\r\n\t\t\t<span class=\"overlay\">\r\n\t\t\t\t<h5>paisajismo2<\/h5>\r\n\t\t\t\t<i class=\"ot-flaticon-add\"><\/i>\r\n\t\t\t<\/span>\r\n\t\t<\/div>\r\n\t\t<div class=\"portfolio-info\">\r\n\t\t\t<div class=\"portfolio-info-inner\">\r\n\t\t\t\t<h5><a class=\"title-link\" href=\"https:\/\/mamposteriacarrascoy.es\/index.php\/portfolio\/paisajismo2\/\" data-src=\"https:\/\/mamposteriacarrascoy.es\/wp-content\/uploads\/2023\/05\/paisajismo1.jpg\" data-sub-html=\"paisajismo2\">paisajismo2<\/a><\/h5>\r\n\t\t\t\t<p class=\"portfolio-cates\"><a href=\"https:\/\/mamposteriacarrascoy.es\/index.php\/portfolio-category\/paisajismo\/\">Paisajismo<\/a><\/p> \r\n\t\t\t<\/div>\r\n\t\t\t<a class=\"overlay\" href=\"https:\/\/mamposteriacarrascoy.es\/index.php\/portfolio\/paisajismo2\/\"><\/a>\r\n\t\t<\/div>\r\n\t<\/div>\r\n<\/div><div class=\"project-item category-49 \">\r\n\t<div class=\"projects-box\">\r\n\t\t<div class=\"projects-thumbnail\" data-src=\"https:\/\/mamposteriacarrascoy.es\/wp-content\/uploads\/2023\/05\/paisajismo2.jpg\" data-sub-html=\"paisajismo1\">\r\n\t\t\t<a href=\"https:\/\/mamposteriacarrascoy.es\/index.php\/portfolio\/paisajismo1\/\">\r\n\t\t\t\t<img loading=\"lazy\" decoding=\"async\" width=\"720\" height=\"720\" src=\"https:\/\/mamposteriacarrascoy.es\/wp-content\/uploads\/2023\/05\/paisajismo2-720x720.jpg\" class=\"attachment-theratio-portfolio-thumbnail-grid size-theratio-portfolio-thumbnail-grid wp-post-image\" alt=\"\" srcset=\"https:\/\/mamposteriacarrascoy.es\/wp-content\/uploads\/2023\/05\/paisajismo2-720x720.jpg 720w, https:\/\/mamposteriacarrascoy.es\/wp-content\/uploads\/2023\/05\/paisajismo2-150x150.jpg 150w\" sizes=\"(max-width: 720px) 100vw, 720px\" \/>\t\t\t<\/a>\r\n\t\t\t<span class=\"overlay\">\r\n\t\t\t\t<h5>paisajismo1<\/h5>\r\n\t\t\t\t<i class=\"ot-flaticon-add\"><\/i>\r\n\t\t\t<\/span>\r\n\t\t<\/div>\r\n\t\t<div class=\"portfolio-info\">\r\n\t\t\t<div class=\"portfolio-info-inner\">\r\n\t\t\t\t<h5><a class=\"title-link\" href=\"https:\/\/mamposteriacarrascoy.es\/index.php\/portfolio\/paisajismo1\/\" data-src=\"https:\/\/mamposteriacarrascoy.es\/wp-content\/uploads\/2023\/05\/paisajismo2.jpg\" data-sub-html=\"paisajismo1\">paisajismo1<\/a><\/h5>\r\n\t\t\t\t<p class=\"portfolio-cates\"><a href=\"https:\/\/mamposteriacarrascoy.es\/index.php\/portfolio-category\/paisajismo\/\">Paisajismo<\/a><\/p> \r\n\t\t\t<\/div>\r\n\t\t\t<a class=\"overlay\" href=\"https:\/\/mamposteriacarrascoy.es\/index.php\/portfolio\/paisajismo1\/\"><\/a>\r\n\t\t<\/div>\r\n\t<\/div>\r\n<\/div><div class=\"project-item category-47 \">\r\n\t<div class=\"projects-box\">\r\n\t\t<div class=\"projects-thumbnail\" data-src=\"https:\/\/mamposteriacarrascoy.es\/wp-content\/uploads\/2023\/05\/pasarela1.jpeg\" data-sub-html=\"pasarela1\">\r\n\t\t\t<a href=\"https:\/\/mamposteriacarrascoy.es\/index.php\/portfolio\/pasarela1\/\">\r\n\t\t\t\t<img loading=\"lazy\" decoding=\"async\" width=\"720\" height=\"720\" src=\"https:\/\/mamposteriacarrascoy.es\/wp-content\/uploads\/2023\/05\/pasarela1-720x720.jpeg\" class=\"attachment-theratio-portfolio-thumbnail-grid size-theratio-portfolio-thumbnail-grid wp-post-image\" alt=\"\" srcset=\"https:\/\/mamposteriacarrascoy.es\/wp-content\/uploads\/2023\/05\/pasarela1-720x720.jpeg 720w, https:\/\/mamposteriacarrascoy.es\/wp-content\/uploads\/2023\/05\/pasarela1-150x150.jpeg 150w\" sizes=\"(max-width: 720px) 100vw, 720px\" \/>\t\t\t<\/a>\r\n\t\t\t<span class=\"overlay\">\r\n\t\t\t\t<h5>pasarela1<\/h5>\r\n\t\t\t\t<i class=\"ot-flaticon-add\"><\/i>\r\n\t\t\t<\/span>\r\n\t\t<\/div>\r\n\t\t<div class=\"portfolio-info\">\r\n\t\t\t<div class=\"portfolio-info-inner\">\r\n\t\t\t\t<h5><a class=\"title-link\" href=\"https:\/\/mamposteriacarrascoy.es\/index.php\/portfolio\/pasarela1\/\" data-src=\"https:\/\/mamposteriacarrascoy.es\/wp-content\/uploads\/2023\/05\/pasarela1.jpeg\" data-sub-html=\"pasarela1\">pasarela1<\/a><\/h5>\r\n\t\t\t\t<p class=\"portfolio-cates\"><a href=\"https:\/\/mamposteriacarrascoy.es\/index.php\/portfolio-category\/pasarelas\/\">Pasarelas<\/a><\/p> \r\n\t\t\t<\/div>\r\n\t\t\t<a class=\"overlay\" href=\"https:\/\/mamposteriacarrascoy.es\/index.php\/portfolio\/pasarela1\/\"><\/a>\r\n\t\t<\/div>\r\n\t<\/div>\r\n<\/div><div class=\"project-item category-46 \">\r\n\t<div class=\"projects-box\">\r\n\t\t<div class=\"projects-thumbnail\" data-src=\"https:\/\/mamposteriacarrascoy.es\/wp-content\/uploads\/2023\/05\/escalera2.jpg\" data-sub-html=\"escaleras2\">\r\n\t\t\t<a href=\"https:\/\/mamposteriacarrascoy.es\/index.php\/portfolio\/escaleras2\/\">\r\n\t\t\t\t<img loading=\"lazy\" decoding=\"async\" width=\"720\" height=\"720\" src=\"https:\/\/mamposteriacarrascoy.es\/wp-content\/uploads\/2023\/05\/escalera2-720x720.jpg\" class=\"attachment-theratio-portfolio-thumbnail-grid size-theratio-portfolio-thumbnail-grid wp-post-image\" alt=\"\" srcset=\"https:\/\/mamposteriacarrascoy.es\/wp-content\/uploads\/2023\/05\/escalera2-720x720.jpg 720w, https:\/\/mamposteriacarrascoy.es\/wp-content\/uploads\/2023\/05\/escalera2-150x150.jpg 150w\" sizes=\"(max-width: 720px) 100vw, 720px\" \/>\t\t\t<\/a>\r\n\t\t\t<span class=\"overlay\">\r\n\t\t\t\t<h5>escaleras2<\/h5>\r\n\t\t\t\t<i class=\"ot-flaticon-add\"><\/i>\r\n\t\t\t<\/span>\r\n\t\t<\/div>\r\n\t\t<div class=\"portfolio-info\">\r\n\t\t\t<div class=\"portfolio-info-inner\">\r\n\t\t\t\t<h5><a class=\"title-link\" href=\"https:\/\/mamposteriacarrascoy.es\/index.php\/portfolio\/escaleras2\/\" data-src=\"https:\/\/mamposteriacarrascoy.es\/wp-content\/uploads\/2023\/05\/escalera2.jpg\" data-sub-html=\"escaleras2\">escaleras2<\/a><\/h5>\r\n\t\t\t\t<p class=\"portfolio-cates\"><a href=\"https:\/\/mamposteriacarrascoy.es\/index.php\/portfolio-category\/escaleras\/\">Escaleras<\/a><\/p> \r\n\t\t\t<\/div>\r\n\t\t\t<a class=\"overlay\" href=\"https:\/\/mamposteriacarrascoy.es\/index.php\/portfolio\/escaleras2\/\"><\/a>\r\n\t\t<\/div>\r\n\t<\/div>\r\n<\/div>\t\t\t<\/div>\r\n\r\n\t\t\t\t    <\/div>\r\n\t\t\t\t\t\t\t\t\t\t\r\n\t    \t\t<\/div>\n\t\t\t\t<\/div>\n\t\t\t\t\t<\/div>\n\t\t<\/div>\n\t\t\t\t\t\t\t<\/div>\n\t\t<\/section>\n\t\t\t\t\t\t\t<\/div>\n\t\t","protected":false},"excerpt":{"rendered":"<p>NUESTROS PROYECTOS Algunos de nuestros proyectos mas destacados TODOS Escaleras Pasarelas Muros piedras Gran Tama\u00f1o Paisajismo muro piedra gran tama\u00f1o2 muro piedra gran tama\u00f1o2 Muros piedras Gran Tama\u00f1o muro piedra gran tama\u00f1o1 muro piedra gran tama\u00f1o1 Muros piedras Gran Tama\u00f1o paisajismo2 paisajismo2 Paisajismo paisajismo1 paisajismo1 Paisajismo pasarela1 pasarela1 Pasarelas escaleras2 escaleras2 Escaleras escaleras1 escaleras1 Escaleras<\/p>\n","protected":false},"author":1,"featured_media":8316,"parent":0,"menu_order":0,"comment_status":"closed","ping_status":"closed","template":"","meta":{"footnotes":""},"yoast_head":"<!-- This site is optimized with the Yoast SEO plugin v20.6 - https:\/\/yoast.com\/wordpress\/plugins\/seo\/ -->\n<title>Proyectos de Mamposteria Carrascoy<\/title>\n<meta name=\"description\" content=\"Insp\u00edrate con los proyectos de Mamposteria Carrascoy de construcci\u00f3n y decoracion. Recorre nuestra galer\u00eda de fotos de nuestros proyectos.\" \/>\n<meta name=\"robots\" content=\"index, follow, max-snippet:-1, max-image-preview:large, max-video-preview:-1\" \/>\n<link rel=\"canonical\" href=\"https:\/\/mamposteriacarrascoy.es\/index.php\/proyectos-mamposteria-carrascoy\/\" \/>\n<meta property=\"og:locale\" content=\"es_ES\" \/>\n<meta property=\"og:type\" content=\"article\" \/>\n<meta property=\"og:title\" content=\"Proyectos de Mamposteria Carrascoy\" \/>\n<meta property=\"og:description\" content=\"Insp\u00edrate con los proyectos de Mamposteria Carrascoy de construcci\u00f3n y decoracion. Recorre nuestra galer\u00eda de fotos de nuestros proyectos.\" \/>\n<meta property=\"og:url\" content=\"https:\/\/mamposteriacarrascoy.es\/index.php\/proyectos-mamposteria-carrascoy\/\" \/>\n<meta property=\"og:site_name\" content=\"Mamposteria Carrascoy\" \/>\n<meta property=\"article:modified_time\" content=\"2024-05-09T06:36:03+00:00\" \/>\n<meta name=\"twitter:card\" content=\"summary_large_image\" \/>\n<meta name=\"twitter:label1\" content=\"Tiempo de lectura\" \/>\n\t<meta name=\"twitter:data1\" content=\"2 minutos\" \/>\n<script type=\"application\/ld+json\" class=\"yoast-schema-graph\">{\"@context\":\"https:\/\/schema.org\",\"@graph\":[{\"@type\":\"WebPage\",\"@id\":\"https:\/\/mamposteriacarrascoy.es\/index.php\/proyectos-mamposteria-carrascoy\/\",\"url\":\"https:\/\/mamposteriacarrascoy.es\/index.php\/proyectos-mamposteria-carrascoy\/\",\"name\":\"Proyectos de Mamposteria Carrascoy\",\"isPartOf\":{\"@id\":\"https:\/\/mamposteriacarrascoy.es\/#website\"},\"datePublished\":\"2023-04-26T11:23:23+00:00\",\"dateModified\":\"2024-05-09T06:36:03+00:00\",\"description\":\"Insp\u00edrate con los proyectos de Mamposteria Carrascoy de construcci\u00f3n y decoracion. Recorre nuestra galer\u00eda de fotos de nuestros proyectos.\",\"breadcrumb\":{\"@id\":\"https:\/\/mamposteriacarrascoy.es\/index.php\/proyectos-mamposteria-carrascoy\/#breadcrumb\"},\"inLanguage\":\"es\",\"potentialAction\":[{\"@type\":\"ReadAction\",\"target\":[\"https:\/\/mamposteriacarrascoy.es\/index.php\/proyectos-mamposteria-carrascoy\/\"]}]},{\"@type\":\"BreadcrumbList\",\"@id\":\"https:\/\/mamposteriacarrascoy.es\/index.php\/proyectos-mamposteria-carrascoy\/#breadcrumb\",\"itemListElement\":[{\"@type\":\"ListItem\",\"position\":1,\"name\":\"Portada\",\"item\":\"https:\/\/mamposteriacarrascoy.es\/\"},{\"@type\":\"ListItem\",\"position\":2,\"name\":\"Nuestros Proyectos\"}]},{\"@type\":\"WebSite\",\"@id\":\"https:\/\/mamposteriacarrascoy.es\/#website\",\"url\":\"https:\/\/mamposteriacarrascoy.es\/\",\"name\":\"Mamposteria Carrascoy\",\"description\":\"Mamposteria\",\"potentialAction\":[{\"@type\":\"SearchAction\",\"target\":{\"@type\":\"EntryPoint\",\"urlTemplate\":\"https:\/\/mamposteriacarrascoy.es\/?s={search_term_string}\"},\"query-input\":\"required name=search_term_string\"}],\"inLanguage\":\"es\"}]}<\/script>\n<!-- \/ Yoast SEO plugin. -->","yoast_head_json":{"title":"Proyectos de Mamposteria Carrascoy","description":"Insp\u00edrate con los proyectos de Mamposteria Carrascoy de construcci\u00f3n y decoracion. Recorre nuestra galer\u00eda de fotos de nuestros proyectos.","robots":{"index":"index","follow":"follow","max-snippet":"max-snippet:-1","max-image-preview":"max-image-preview:large","max-video-preview":"max-video-preview:-1"},"canonical":"https:\/\/mamposteriacarrascoy.es\/index.php\/proyectos-mamposteria-carrascoy\/","og_locale":"es_ES","og_type":"article","og_title":"Proyectos de Mamposteria Carrascoy","og_description":"Insp\u00edrate con los proyectos de Mamposteria Carrascoy de construcci\u00f3n y decoracion. Recorre nuestra galer\u00eda de fotos de nuestros proyectos.","og_url":"https:\/\/mamposteriacarrascoy.es\/index.php\/proyectos-mamposteria-carrascoy\/","og_site_name":"Mamposteria Carrascoy","article_modified_time":"2024-05-09T06:36:03+00:00","twitter_card":"summary_large_image","twitter_misc":{"Tiempo de lectura":"2 minutos"},"schema":{"@context":"https:\/\/schema.org","@graph":[{"@type":"WebPage","@id":"https:\/\/mamposteriacarrascoy.es\/index.php\/proyectos-mamposteria-carrascoy\/","url":"https:\/\/mamposteriacarrascoy.es\/index.php\/proyectos-mamposteria-carrascoy\/","name":"Proyectos de Mamposteria Carrascoy","isPartOf":{"@id":"https:\/\/mamposteriacarrascoy.es\/#website"},"datePublished":"2023-04-26T11:23:23+00:00","dateModified":"2024-05-09T06:36:03+00:00","description":"Insp\u00edrate con los proyectos de Mamposteria Carrascoy de construcci\u00f3n y decoracion. Recorre nuestra galer\u00eda de fotos de nuestros proyectos.","breadcrumb":{"@id":"https:\/\/mamposteriacarrascoy.es\/index.php\/proyectos-mamposteria-carrascoy\/#breadcrumb"},"inLanguage":"es","potentialAction":[{"@type":"ReadAction","target":["https:\/\/mamposteriacarrascoy.es\/index.php\/proyectos-mamposteria-carrascoy\/"]}]},{"@type":"BreadcrumbList","@id":"https:\/\/mamposteriacarrascoy.es\/index.php\/proyectos-mamposteria-carrascoy\/#breadcrumb","itemListElement":[{"@type":"ListItem","position":1,"name":"Portada","item":"https:\/\/mamposteriacarrascoy.es\/"},{"@type":"ListItem","position":2,"name":"Nuestros Proyectos"}]},{"@type":"WebSite","@id":"https:\/\/mamposteriacarrascoy.es\/#website","url":"https:\/\/mamposteriacarrascoy.es\/","name":"Mamposteria Carrascoy","description":"Mamposteria","potentialAction":[{"@type":"SearchAction","target":{"@type":"EntryPoint","urlTemplate":"https:\/\/mamposteriacarrascoy.es\/?s={search_term_string}"},"query-input":"required name=search_term_string"}],"inLanguage":"es"}]}},"_links":{"self":[{"href":"https:\/\/mamposteriacarrascoy.es\/index.php\/wp-json\/wp\/v2\/pages\/7621"}],"collection":[{"href":"https:\/\/mamposteriacarrascoy.es\/index.php\/wp-json\/wp\/v2\/pages"}],"about":[{"href":"https:\/\/mamposteriacarrascoy.es\/index.php\/wp-json\/wp\/v2\/types\/page"}],"author":[{"embeddable":true,"href":"https:\/\/mamposteriacarrascoy.es\/index.php\/wp-json\/wp\/v2\/users\/1"}],"replies":[{"embeddable":true,"href":"https:\/\/mamposteriacarrascoy.es\/index.php\/wp-json\/wp\/v2\/comments?post=7621"}],"version-history":[{"count":61,"href":"https:\/\/mamposteriacarrascoy.es\/index.php\/wp-json\/wp\/v2\/pages\/7621\/revisions"}],"predecessor-version":[{"id":11181,"href":"https:\/\/mamposteriacarrascoy.es\/index.php\/wp-json\/wp\/v2\/pages\/7621\/revisions\/11181"}],"wp:featuredmedia":[{"embeddable":true,"href":"https:\/\/mamposteriacarrascoy.es\/index.php\/wp-json\/"}],"wp:attachment":[{"href":"https:\/\/mamposteriacarrascoy.es\/index.php\/wp-json\/wp\/v2\/media?parent=7621"}],"curies":[{"name":"wp","href":"https:\/\/api.w.org\/{rel}","templated":true}]}}