{"id":2549,"date":"2020-05-15T11:08:03","date_gmt":"2020-05-15T11:08:03","guid":{"rendered":"http:\/\/localhost\/theratio\/?page_id=2549"},"modified":"2023-06-01T14:17:50","modified_gmt":"2023-06-01T14:17:50","slug":"creando-concepto","status":"publish","type":"page","link":"https:\/\/mamposteriacarrascoy.es\/index.php\/nuestros-servicios\/creando-concepto\/","title":{"rendered":"Creando Concepto"},"content":{"rendered":"\t\t<div data-elementor-type=\"wp-page\" data-elementor-id=\"2549\" class=\"elementor elementor-2549\">\n\t\t\t\t\t\t\t\t\t<section class=\"elementor-section elementor-top-section elementor-element elementor-element-f1ba31b elementor-section-height-min-height elementor-section-boxed elementor-section-height-default elementor-section-items-middle\" data-id=\"f1ba31b\" data-element_type=\"section\" data-settings=\"{&quot;background_background&quot;:&quot;classic&quot;}\">\n\t\t\t\t\t\t<div class=\"elementor-container elementor-column-gap-default\">\n\t\t\t\t\t<div class=\"elementor-column elementor-col-100 elementor-top-column elementor-element elementor-element-9d9a96f ot-flex-column-vertical\" data-id=\"9d9a96f\" data-element_type=\"column\">\n\t\t\t<div class=\"elementor-widget-wrap elementor-element-populated\">\n\t\t\t\t\t\t\t\t<div class=\"elementor-element elementor-element-5391f22 theratio-align-center elementor-widget elementor-widget-iheading\" data-id=\"5391f22\" data-element_type=\"widget\" data-widget_type=\"iheading.default\">\n\t\t\t\t<div class=\"elementor-widget-container\">\n\t\t\t\t\t<div class=\"ot-heading \">\r\n\t        \t        <h2 class=\"main-heading\">CREANDO CONCEPTOS<\/h2>\r\n\t        \t    <\/div>\r\n\t    \t\t<\/div>\n\t\t\t\t<\/div>\n\t\t\t\t\t<\/div>\n\t\t<\/div>\n\t\t\t\t\t\t\t<\/div>\n\t\t<\/section>\n\t\t\t\t<section class=\"elementor-section elementor-top-section elementor-element elementor-element-23f84cc elementor-section-boxed elementor-section-height-default elementor-section-height-default\" data-id=\"23f84cc\" data-element_type=\"section\">\n\t\t\t\t\t\t<div class=\"elementor-container elementor-column-gap-extended\">\n\t\t\t\t\t<div class=\"elementor-column elementor-col-100 elementor-top-column elementor-element elementor-element-e58c18f ot-flex-column-vertical\" data-id=\"e58c18f\" data-element_type=\"column\">\n\t\t\t<div class=\"elementor-widget-wrap elementor-element-populated\">\n\t\t\t\t\t\t\t\t<div class=\"elementor-element elementor-element-deb5a60 theratio-align-center elementor-widget elementor-widget-iheading\" data-id=\"deb5a60\" data-element_type=\"widget\" data-widget_type=\"iheading.default\">\n\t\t\t\t<div class=\"elementor-widget-container\">\n\t\t\t\t\t<div class=\"ot-heading \">\r\n\t        \t            <span>[ QUE OFRECEMOS ]<\/span>\r\n\t        \t        <h2 class=\"main-heading\">No utilizamos falsificaciones y solo trabajamos con marcas originales <\/h2>\r\n\t        \t    <\/div>\r\n\t    \t\t<\/div>\n\t\t\t\t<\/div>\n\t\t\t\t<div class=\"elementor-element elementor-element-a582f33 elementor-widget elementor-widget-text-editor\" data-id=\"a582f33\" data-element_type=\"widget\" data-widget_type=\"text-editor.default\">\n\t\t\t\t<div class=\"elementor-widget-container\">\n\t\t\t<style>\/*! elementor - v3.13.3 - 28-05-2023 *\/\n.elementor-widget-text-editor.elementor-drop-cap-view-stacked .elementor-drop-cap{background-color:#69727d;color:#fff}.elementor-widget-text-editor.elementor-drop-cap-view-framed .elementor-drop-cap{color:#69727d;border:3px solid;background-color:transparent}.elementor-widget-text-editor:not(.elementor-drop-cap-view-default) .elementor-drop-cap{margin-top:8px}.elementor-widget-text-editor:not(.elementor-drop-cap-view-default) .elementor-drop-cap-letter{width:1em;height:1em}.elementor-widget-text-editor .elementor-drop-cap{float:left;text-align:center;line-height:1;font-size:50px}.elementor-widget-text-editor .elementor-drop-cap-letter{display:inline-block}<\/style>\t\t\t\t<p>Comenzamos el proceso de creaci\u00f3n de concepto al escucharte atentamente. Queremos entender tus necesidades, deseos y aspiraciones para el espacio que deseas transformar. Ya sea que est\u00e9s buscando un jard\u00edn tranquilo, un patio vibrante o un \u00e1rea de relajaci\u00f3n al aire libre, trabajaremos estrechamente contigo para captar tu esencia y convertirla en una realidad tangible.<\/p>\t\t\t\t\t\t<\/div>\n\t\t\t\t<\/div>\n\t\t\t\t<section class=\"elementor-section elementor-inner-section elementor-element elementor-element-ad107e3 elementor-section-boxed elementor-section-height-default elementor-section-height-default\" data-id=\"ad107e3\" data-element_type=\"section\">\n\t\t\t\t\t\t\t<div class=\"elementor-background-overlay\"><\/div>\n\t\t\t\t\t\t\t<div class=\"elementor-container elementor-column-gap-default\">\n\t\t\t\t\t<div class=\"elementor-column elementor-col-66 elementor-inner-column elementor-element elementor-element-e8d5ead ot-flex-column-vertical\" data-id=\"e8d5ead\" data-element_type=\"column\">\n\t\t\t<div class=\"elementor-widget-wrap elementor-element-populated\">\n\t\t\t\t\t\t\t\t<div class=\"elementor-element elementor-element-f80c727 elementor-widget elementor-widget-image\" data-id=\"f80c727\" data-element_type=\"widget\" data-widget_type=\"image.default\">\n\t\t\t\t<div class=\"elementor-widget-container\">\n\t\t\t<style>\/*! elementor - v3.13.3 - 28-05-2023 *\/\n.elementor-widget-image{text-align:center}.elementor-widget-image a{display:inline-block}.elementor-widget-image a img[src$=\".svg\"]{width:48px}.elementor-widget-image img{vertical-align:middle;display:inline-block}<\/style>\t\t\t\t\t\t\t\t\t\t\t\t<img decoding=\"async\" src=\"https:\/\/mcarrasco.10y6interiorismo.com\/wp-content\/uploads\/2023\/04\/239186171_338915504594227_4631932976218264805_n.jpg\" title=\"\" alt=\"\" loading=\"lazy\" \/>\t\t\t\t\t\t\t\t\t\t\t\t\t\t\t<\/div>\n\t\t\t\t<\/div>\n\t\t\t\t\t<\/div>\n\t\t<\/div>\n\t\t\t\t<div class=\"elementor-column elementor-col-66 elementor-inner-column elementor-element elementor-element-bef5ebf ot-flex-column-vertical\" data-id=\"bef5ebf\" data-element_type=\"column\">\n\t\t\t<div class=\"elementor-widget-wrap elementor-element-populated\">\n\t\t\t\t\t\t\t\t<div class=\"elementor-element elementor-element-bb7b7fb elementor-widget elementor-widget-image\" data-id=\"bb7b7fb\" data-element_type=\"widget\" data-widget_type=\"image.default\">\n\t\t\t\t<div class=\"elementor-widget-container\">\n\t\t\t\t\t\t\t\t\t\t\t\t\t\t\t<img decoding=\"async\" src=\"https:\/\/mcarrasco.10y6interiorismo.com\/wp-content\/uploads\/2023\/04\/153114015_221689152983530_4323615430958420310_n.jpg\" title=\"\" alt=\"\" loading=\"lazy\" \/>\t\t\t\t\t\t\t\t\t\t\t\t\t\t\t<\/div>\n\t\t\t\t<\/div>\n\t\t\t\t\t<\/div>\n\t\t<\/div>\n\t\t\t\t\t\t\t<\/div>\n\t\t<\/section>\n\t\t\t\t<div class=\"elementor-element elementor-element-19b3a60 elementor-widget elementor-widget-text-editor\" data-id=\"19b3a60\" data-element_type=\"widget\" data-widget_type=\"text-editor.default\">\n\t\t\t\t<div class=\"elementor-widget-container\">\n\t\t\t\t\t\t\t<p>Nuestro equipo de dise\u00f1adores y expertos en mamposter\u00eda se inspira en la belleza natural de los materiales que utilizamos, como la piedra y otros elementos naturales. Creamos conceptos que combinan de manera armoniosa con el entorno existente, creando una fusi\u00f3n perfecta entre la est\u00e9tica y la funcionalidad.<\/p><p>Durante el proceso de creaci\u00f3n del concepto, nos enfocamos en cada detalle, desde la selecci\u00f3n de las piedras hasta la distribuci\u00f3n espacial y la elecci\u00f3n de los elementos decorativos. Nuestro objetivo es crear un ambiente \u00fanico y cautivador que refleje tu personalidad y estilo, al mismo tiempo que resalta la belleza natural del entorno.<\/p><p>Adem\u00e1s, nos enorgullece mantenernos a la vanguardia de las tendencias y t\u00e9cnicas de dise\u00f1o m\u00e1s actuales. Buscamos constantemente nuevas ideas y enfoques innovadores para ofrecerte soluciones de dise\u00f1o que sean contempor\u00e1neas y atemporales a la vez.<\/p>\t\t\t\t\t\t<\/div>\n\t\t\t\t<\/div>\n\t\t\t\t\t<\/div>\n\t\t<\/div>\n\t\t\t\t\t\t\t<\/div>\n\t\t<\/section>\n\t\t\t\t<section class=\"elementor-section elementor-top-section elementor-element elementor-element-8df4964 elementor-section-boxed elementor-section-height-default elementor-section-height-default\" data-id=\"8df4964\" data-element_type=\"section\" data-settings=\"{&quot;background_background&quot;:&quot;classic&quot;}\">\n\t\t\t\t\t\t<div class=\"elementor-container elementor-column-gap-default\">\n\t\t\t\t\t<div class=\"elementor-column elementor-col-33 elementor-top-column elementor-element elementor-element-a45edf0 ot-flex-column-vertical\" data-id=\"a45edf0\" data-element_type=\"column\">\n\t\t\t<div class=\"elementor-widget-wrap elementor-element-populated\">\n\t\t\t\t\t\t\t\t<div class=\"elementor-element elementor-element-b568e1d elementor-widget elementor-widget-iprogress\" data-id=\"b568e1d\" data-element_type=\"widget\" data-widget_type=\"iprogress.default\">\n\t\t\t\t<div class=\"elementor-widget-container\">\n\t\t\t\r\n\t\t\t\t<div class=\"circle-progress tbottom\" data-color=\"#FFFFFF\" data-height=\"2\" data-size=\"165\">\r\n\t\t\t<div class=\"inner-bar\" data-percent=\"97\">\r\n\t\t\t\t<span>\r\n\t\t\t\t\t<span class=\"percent\">97<\/span>\t\t\t\t<\/span>\r\n\t\t\t<\/div>\r\n\t\t\t<h4>analisis de necesidades<\/h4>\t\t<\/div>\r\n\t\t\r\n\t    \t\t<\/div>\n\t\t\t\t<\/div>\n\t\t\t\t<div class=\"elementor-element elementor-element-76b479b elementor-widget elementor-widget-text-editor\" data-id=\"76b479b\" data-element_type=\"widget\" data-widget_type=\"text-editor.default\">\n\t\t\t\t<div class=\"elementor-widget-container\">\n\t\t\t\t\t\t\t<p>Identificamos tus necesidades y objetivos.<\/p>\t\t\t\t\t\t<\/div>\n\t\t\t\t<\/div>\n\t\t\t\t\t<\/div>\n\t\t<\/div>\n\t\t\t\t<div class=\"elementor-column elementor-col-33 elementor-top-column elementor-element elementor-element-c7f0cf5 ot-flex-column-vertical\" data-id=\"c7f0cf5\" data-element_type=\"column\">\n\t\t\t<div class=\"elementor-widget-wrap elementor-element-populated\">\n\t\t\t\t\t\t\t\t<div class=\"elementor-element elementor-element-a71c4fd elementor-widget elementor-widget-iprogress\" data-id=\"a71c4fd\" data-element_type=\"widget\" data-widget_type=\"iprogress.default\">\n\t\t\t\t<div class=\"elementor-widget-container\">\n\t\t\t\r\n\t\t\t\t<div class=\"circle-progress tbottom\" data-color=\"#FFFFFF\" data-height=\"2\" data-size=\"165\">\r\n\t\t\t<div class=\"inner-bar\" data-percent=\"91\">\r\n\t\t\t\t<span>\r\n\t\t\t\t\t<span class=\"percent\">91<\/span>\t\t\t\t<\/span>\r\n\t\t\t<\/div>\r\n\t\t\t<h4>desarrollo de concepto<\/h4>\t\t<\/div>\r\n\t\t\r\n\t    \t\t<\/div>\n\t\t\t\t<\/div>\n\t\t\t\t<div class=\"elementor-element elementor-element-8cebc14 elementor-widget elementor-widget-text-editor\" data-id=\"8cebc14\" data-element_type=\"widget\" data-widget_type=\"text-editor.default\">\n\t\t\t\t<div class=\"elementor-widget-container\">\n\t\t\t\t\t\t\t<p>Creamos un concepto personalizado para ti.<\/p>\t\t\t\t\t\t<\/div>\n\t\t\t\t<\/div>\n\t\t\t\t\t<\/div>\n\t\t<\/div>\n\t\t\t\t<div class=\"elementor-column elementor-col-33 elementor-top-column elementor-element elementor-element-d6e3cba ot-flex-column-vertical\" data-id=\"d6e3cba\" data-element_type=\"column\">\n\t\t\t<div class=\"elementor-widget-wrap elementor-element-populated\">\n\t\t\t\t\t\t\t\t<div class=\"elementor-element elementor-element-eba34ef elementor-widget elementor-widget-iprogress\" data-id=\"eba34ef\" data-element_type=\"widget\" data-widget_type=\"iprogress.default\">\n\t\t\t\t<div class=\"elementor-widget-container\">\n\t\t\t\r\n\t\t\t\t<div class=\"circle-progress tbottom\" data-color=\"#FFFFFF\" data-height=\"2\" data-size=\"165\">\r\n\t\t\t<div class=\"inner-bar\" data-percent=\"97\">\r\n\t\t\t\t<span>\r\n\t\t\t\t\t<span class=\"percent\">97<\/span>\t\t\t\t<\/span>\r\n\t\t\t<\/div>\r\n\t\t\t<h4>presentacion de propuestas<\/h4>\t\t<\/div>\r\n\t\t\r\n\t    \t\t<\/div>\n\t\t\t\t<\/div>\n\t\t\t\t<div class=\"elementor-element elementor-element-cbc871d elementor-widget elementor-widget-text-editor\" data-id=\"cbc871d\" data-element_type=\"widget\" data-widget_type=\"text-editor.default\">\n\t\t\t\t<div class=\"elementor-widget-container\">\n\t\t\t\t\t\t\t<p>Te presentamos opciones de dise\u00f1o para elegir.<\/p>\t\t\t\t\t\t<\/div>\n\t\t\t\t<\/div>\n\t\t\t\t\t<\/div>\n\t\t<\/div>\n\t\t\t\t\t\t\t<\/div>\n\t\t<\/section>\n\t\t\t\t\t\t\t<\/div>\n\t\t","protected":false},"excerpt":{"rendered":"<p>CREANDO CONCEPTOS [ QUE OFRECEMOS ] No utilizamos falsificaciones y solo trabajamos con marcas originales Comenzamos el proceso de creaci\u00f3n de concepto al escucharte atentamente. Queremos entender tus necesidades, deseos y aspiraciones para el espacio que deseas transformar. Ya sea que est\u00e9s buscando un jard\u00edn tranquilo, un patio vibrante o un \u00e1rea de relajaci\u00f3n al [&hellip;]<\/p>\n","protected":false},"author":1,"featured_media":0,"parent":2405,"menu_order":0,"comment_status":"closed","ping_status":"closed","template":"","meta":{"footnotes":""},"yoast_head":"<!-- This site is optimized with the Yoast SEO plugin v20.6 - https:\/\/yoast.com\/wordpress\/plugins\/seo\/ -->\n<title>Creando Concepto - Mamposteria Carrascoy<\/title>\n<meta name=\"robots\" content=\"index, follow, max-snippet:-1, max-image-preview:large, max-video-preview:-1\" \/>\n<link rel=\"canonical\" href=\"https:\/\/mamposteriacarrascoy.es\/index.php\/nuestros-servicios\/creando-concepto\/\" \/>\n<meta property=\"og:locale\" content=\"es_ES\" \/>\n<meta property=\"og:type\" content=\"article\" \/>\n<meta property=\"og:title\" content=\"Creando Concepto - Mamposteria Carrascoy\" \/>\n<meta property=\"og:description\" content=\"CREANDO CONCEPTOS [ QUE OFRECEMOS ] No utilizamos falsificaciones y solo trabajamos con marcas originales Comenzamos el proceso de creaci\u00f3n de concepto al escucharte atentamente. Queremos entender tus necesidades, deseos y aspiraciones para el espacio que deseas transformar. Ya sea que est\u00e9s buscando un jard\u00edn tranquilo, un patio vibrante o un \u00e1rea de relajaci\u00f3n al [&hellip;]\" \/>\n<meta property=\"og:url\" content=\"https:\/\/mamposteriacarrascoy.es\/index.php\/nuestros-servicios\/creando-concepto\/\" \/>\n<meta property=\"og:site_name\" content=\"Mamposteria Carrascoy\" \/>\n<meta property=\"article:modified_time\" content=\"2023-06-01T14:17:50+00:00\" \/>\n<meta property=\"og:image\" content=\"https:\/\/mcarrasco.10y6interiorismo.com\/wp-content\/uploads\/2023\/04\/239186171_338915504594227_4631932976218264805_n.jpg\" \/>\n<meta name=\"twitter:card\" content=\"summary_large_image\" \/>\n<meta name=\"twitter:label1\" content=\"Tiempo de lectura\" \/>\n\t<meta name=\"twitter:data1\" content=\"2 minutos\" \/>\n<script type=\"application\/ld+json\" class=\"yoast-schema-graph\">{\"@context\":\"https:\/\/schema.org\",\"@graph\":[{\"@type\":\"WebPage\",\"@id\":\"https:\/\/mamposteriacarrascoy.es\/index.php\/nuestros-servicios\/creando-concepto\/\",\"url\":\"https:\/\/mamposteriacarrascoy.es\/index.php\/nuestros-servicios\/creando-concepto\/\",\"name\":\"Creando Concepto - Mamposteria Carrascoy\",\"isPartOf\":{\"@id\":\"https:\/\/mamposteriacarrascoy.es\/#website\"},\"datePublished\":\"2020-05-15T11:08:03+00:00\",\"dateModified\":\"2023-06-01T14:17:50+00:00\",\"breadcrumb\":{\"@id\":\"https:\/\/mamposteriacarrascoy.es\/index.php\/nuestros-servicios\/creando-concepto\/#breadcrumb\"},\"inLanguage\":\"es\",\"potentialAction\":[{\"@type\":\"ReadAction\",\"target\":[\"https:\/\/mamposteriacarrascoy.es\/index.php\/nuestros-servicios\/creando-concepto\/\"]}]},{\"@type\":\"BreadcrumbList\",\"@id\":\"https:\/\/mamposteriacarrascoy.es\/index.php\/nuestros-servicios\/creando-concepto\/#breadcrumb\",\"itemListElement\":[{\"@type\":\"ListItem\",\"position\":1,\"name\":\"Portada\",\"item\":\"https:\/\/mamposteriacarrascoy.es\/\"},{\"@type\":\"ListItem\",\"position\":2,\"name\":\"Nuestros Servicios\",\"item\":\"https:\/\/mamposteriacarrascoy.es\/index.php\/nuestros-servicios\/\"},{\"@type\":\"ListItem\",\"position\":3,\"name\":\"Creando Concepto\"}]},{\"@type\":\"WebSite\",\"@id\":\"https:\/\/mamposteriacarrascoy.es\/#website\",\"url\":\"https:\/\/mamposteriacarrascoy.es\/\",\"name\":\"Mamposteria Carrascoy\",\"description\":\"Mamposteria\",\"potentialAction\":[{\"@type\":\"SearchAction\",\"target\":{\"@type\":\"EntryPoint\",\"urlTemplate\":\"https:\/\/mamposteriacarrascoy.es\/?s={search_term_string}\"},\"query-input\":\"required name=search_term_string\"}],\"inLanguage\":\"es\"}]}<\/script>\n<!-- \/ Yoast SEO plugin. -->","yoast_head_json":{"title":"Creando Concepto - Mamposteria Carrascoy","robots":{"index":"index","follow":"follow","max-snippet":"max-snippet:-1","max-image-preview":"max-image-preview:large","max-video-preview":"max-video-preview:-1"},"canonical":"https:\/\/mamposteriacarrascoy.es\/index.php\/nuestros-servicios\/creando-concepto\/","og_locale":"es_ES","og_type":"article","og_title":"Creando Concepto - Mamposteria Carrascoy","og_description":"CREANDO CONCEPTOS [ QUE OFRECEMOS ] No utilizamos falsificaciones y solo trabajamos con marcas originales Comenzamos el proceso de creaci\u00f3n de concepto al escucharte atentamente. Queremos entender tus necesidades, deseos y aspiraciones para el espacio que deseas transformar. Ya sea que est\u00e9s buscando un jard\u00edn tranquilo, un patio vibrante o un \u00e1rea de relajaci\u00f3n al [&hellip;]","og_url":"https:\/\/mamposteriacarrascoy.es\/index.php\/nuestros-servicios\/creando-concepto\/","og_site_name":"Mamposteria Carrascoy","article_modified_time":"2023-06-01T14:17:50+00:00","og_image":[{"url":"https:\/\/mcarrasco.10y6interiorismo.com\/wp-content\/uploads\/2023\/04\/239186171_338915504594227_4631932976218264805_n.jpg"}],"twitter_card":"summary_large_image","twitter_misc":{"Tiempo de lectura":"2 minutos"},"schema":{"@context":"https:\/\/schema.org","@graph":[{"@type":"WebPage","@id":"https:\/\/mamposteriacarrascoy.es\/index.php\/nuestros-servicios\/creando-concepto\/","url":"https:\/\/mamposteriacarrascoy.es\/index.php\/nuestros-servicios\/creando-concepto\/","name":"Creando Concepto - Mamposteria Carrascoy","isPartOf":{"@id":"https:\/\/mamposteriacarrascoy.es\/#website"},"datePublished":"2020-05-15T11:08:03+00:00","dateModified":"2023-06-01T14:17:50+00:00","breadcrumb":{"@id":"https:\/\/mamposteriacarrascoy.es\/index.php\/nuestros-servicios\/creando-concepto\/#breadcrumb"},"inLanguage":"es","potentialAction":[{"@type":"ReadAction","target":["https:\/\/mamposteriacarrascoy.es\/index.php\/nuestros-servicios\/creando-concepto\/"]}]},{"@type":"BreadcrumbList","@id":"https:\/\/mamposteriacarrascoy.es\/index.php\/nuestros-servicios\/creando-concepto\/#breadcrumb","itemListElement":[{"@type":"ListItem","position":1,"name":"Portada","item":"https:\/\/mamposteriacarrascoy.es\/"},{"@type":"ListItem","position":2,"name":"Nuestros Servicios","item":"https:\/\/mamposteriacarrascoy.es\/index.php\/nuestros-servicios\/"},{"@type":"ListItem","position":3,"name":"Creando Concepto"}]},{"@type":"WebSite","@id":"https:\/\/mamposteriacarrascoy.es\/#website","url":"https:\/\/mamposteriacarrascoy.es\/","name":"Mamposteria Carrascoy","description":"Mamposteria","potentialAction":[{"@type":"SearchAction","target":{"@type":"EntryPoint","urlTemplate":"https:\/\/mamposteriacarrascoy.es\/?s={search_term_string}"},"query-input":"required name=search_term_string"}],"inLanguage":"es"}]}},"_links":{"self":[{"href":"https:\/\/mamposteriacarrascoy.es\/index.php\/wp-json\/wp\/v2\/pages\/2549"}],"collection":[{"href":"https:\/\/mamposteriacarrascoy.es\/index.php\/wp-json\/wp\/v2\/pages"}],"about":[{"href":"https:\/\/mamposteriacarrascoy.es\/index.php\/wp-json\/wp\/v2\/types\/page"}],"author":[{"embeddable":true,"href":"https:\/\/mamposteriacarrascoy.es\/index.php\/wp-json\/wp\/v2\/users\/1"}],"replies":[{"embeddable":true,"href":"https:\/\/mamposteriacarrascoy.es\/index.php\/wp-json\/wp\/v2\/comments?post=2549"}],"version-history":[{"count":34,"href":"https:\/\/mamposteriacarrascoy.es\/index.php\/wp-json\/wp\/v2\/pages\/2549\/revisions"}],"predecessor-version":[{"id":11557,"href":"https:\/\/mamposteriacarrascoy.es\/index.php\/wp-json\/wp\/v2\/pages\/2549\/revisions\/11557"}],"up":[{"embeddable":true,"href":"https:\/\/mamposteriacarrascoy.es\/index.php\/wp-json\/wp\/v2\/pages\/2405"}],"wp:attachment":[{"href":"https:\/\/mamposteriacarrascoy.es\/index.php\/wp-json\/wp\/v2\/media?parent=2549"}],"curies":[{"name":"wp","href":"https:\/\/api.w.org\/{rel}","templated":true}]}}